b**2 - 15*b + 59. Give g(12).
9
Suppose -4*f - 3 = 5*a, -a - f + 2*f - 6 = 0. Let q(v) = v**3 + 4*v**2 + 2*v + 3. What is q(a)?
6
Let q be ((-60)/(-100))/((-3)/15 + 0). Let a(v) = -v**3 - 4*v**2 - 2*v + 4. What is a(q)?
1
Let m(i) be the third derivative of -i**4/8 - 9*i**3/2 - 245*i**2. Give m(-8).
-3
Suppose 4*h + 3*a = 9 + 8, 0 = -5*a + 15. Let i(f) = 1 + 1 + 2*f**h - 12*f**3 + 11*f**3. What is i(2)?
2
Let b = 34 + 29. Let t be 66/14 + 18/b. Let r(v) = v**3 - 4*v**2 - 3*v + 2. Give r(t).
12
Let g(b) = -b**3 - 2*b**2 + 4. Let a be ((-12)/(-15))/((-9)/135*6). Determine g(a).
4
Let i(r) = 6*r + 47 - 1 - 34. What is i(-5)?
-18
Let u(p) be the first derivative of p**2/2 - 4*p - 42. Suppose 2*s - i = -7 - 2, -5*i = -s - 27. Let l = s + 2. What is u(l)?
-4
Let q(d) = -3*d + 7. Suppose 5*y - 13 - 12 = 0. Suppose 0 = -y*c + 25, -4*c - 3 = -t - 19. Suppose -4*u = 2*b - 3*b - 23, -3 = -3*u - t*b. What is q(u)?
-8
Let j(l) be the third derivative of l**3 + 0*l + 0 + 1/12*l**4 + 19*l**2. Give j(-4).
-2
Let y(d) = d + 4. Let w be 15*5*4/60. Suppose 52 = w*b + 32. Calculate y(b).
8
Suppose 51 = 5*y - 19. Let g be -4*(-7)/(y/4). Let v(h) = h + 7*h - 5 - 3*h - 4*h. Determine v(g).
3
Let q be -1 - 10*(-5)/10. Let c(l) be the first derivative of -l**5/120 - l**4/12 - l**3/3 - 7. Let u(k) be the third derivative of c(k). Give u(q).
-6
Let y(v) = 5*v + 2. Let n(w) = 4*w - 2. Let r(i) = -4*n(i) + 3*y(i). Give r(9).
5
Let p be (-68)/11 + (-2)/(-11). Let a(z) = -2*z - 2. Give a(p).
10
Let u be (2/(-9)*3)/(2/(-9)). Let p(d) = -19*d + u - 18*d + 38*d. What is p(-3)?
0
Suppose 4*r = -5*u - 2, -5*u + 4*r + 16 = 2*r. Let y(b) = b**2 + 2*b - 3. What is y(u)?
5
Let t(f) be the first derivative of 2*f**2 + f + 74. Let o(y) = 3*y + 2. Suppose w + 0 - 2 = 0. Let n(c) = w*o(c) - 3*t(c). Calculate n(-1).
7
Suppose 3*q = 6*q + 2*q. Suppose q = 2*y - 1 + 11. Let w(c) = -4*c + 6*c + 1 - c. Calculate w(y).
-4
Let s(y) be the first derivative of y**6/360 - y**4/8 + 4*y**3 - 24. Let j(b) be the third derivative of s(b). Calculate j(3).
6
Let s(r) = -3*r + 8. Suppose 0 = p - 4*v - 4, -5*p + 20 = -2*v - 2*v. Suppose p*m + 21 = 7*m. What is s(m)?
-13
Suppose 1 = -2*c + 7. Let t(k) = -2*k**2 - 14*k + 10. Let g(a) = a**2 + 7*a - 5. Let y = 44 - 39. Let i(v) = c*t(v) + y*g(v). Calculate i(-6).
11
Let x(j) = -7*j + 2. Let c(n) = -4*n**3 - 6*n**2 + 6*n + 5. Let u be c(-2). Give x(u).
-5
Let s be (-54)/(-15) - 12/(-30). Suppose 4*a - 44 = -s*p, -a + 15 = -3*p + 5*p. Let m(w) = w**3 - 8*w**2 + 8*w - 6. What is m(a)?
1
Let r(w) = w**3 - w**2 - 2. Let c be r(2). Let q = 6 - c. Suppose q*z = 3*z. Let h(m) = -m + 3. Determine h(z).
3
Suppose 2*b + 6*a + 5 = a, a = -5*b + 45. Let f be 125/b + 1/(-2). Let m = f + -8. Let w(x) = -x**2 + 4*x + 3. Give w(m).
3
Let x(y) = y**3 - y. Let w = -127 - -127. Suppose w = -2*k + 3 + 1. Determine x(k).
6
Let j(f) = f**2 - 2*f**2 + 2*f**2 + 0*f**2 - 3*f - 1 - 2*f. What is j(4)?
-5
Let g(t) = -t**3 - t**2 + t - 4. Suppose -q + 0 = 2*n + 6, 4*n + 12 = -5*q. What is g(n)?
11
Let n(i) be the second derivative of -31*i**5/20 + i**3/3 + i**2/2 + 708*i. Give n(-1).
30
Let i = 29 + -14. Let b be 6/(-9) - 110/i. Let m(u) = -u**2 - 4*u + 8. Let k(d) = 2*d**2 + 7*d - 17. Let c(v) = -4*k(v) - 9*m(v). What is c(b)?
-4
Let n(m) = -3*m**3 + 6*m**2 - 3*m. Let a(c) = -c**2 + c. Let x(g) = -3*a(g) - n(g). Suppose 11*u = 29 - 7. Give x(u).
12
Let s(q) = q**2 - 4*q + 1. Let v(n) = n**2 - 8*n - 26. Let u be v(11). Determine s(u).
22
Let j(b) be the third derivative of -b**4/12 + b**2. Let p be (-58)/145 + (-136)/10. Let h(x) = -x**2 - 13*x + 11. Let m be h(p). Determine j(m).
6
Let a(t) = -t**3 - 7*t**2 + 8*t - 5. Let i = -594 + 586. Calculate a(i).
-5
Let d = 1037 - 1034. Let c(g) = g + 3. Calculate c(d).
6
Let g(p) be the third derivative of -p**4/8 - 11*p**3/6 + 47*p**2 - p. Determine g(-3).
-2
Suppose -3*s = -8*s + 65. Let i(h) = -2 + 1 + s*h - 14*h. Suppose 0 = 5*a + 2*g + 9, 3*a + 9 = -a - g. Determine i(a).
2
Let c(k) be the first derivative of -6*k - 14 + 1/2*k**2. What is c(0)?
-6
Let y(d) = -3*d + 47. Let r be y(-4). Let c(l) = 2 - 54*l + r*l - 2. Let f = 1 + 0. Determine c(f).
5
Let d(i) = 40*i + 42. Let y be d(-1). Let j be (2 + 10/(-4))*-2. Let s = j + y. Let q(x) = -x**2 + 2*x + 2. Determine q(s).
-1
Let w = 75 - 73. Let y(j) = 2 + 1 - 1 + 2*j**2 - 3. Calculate y(w).
7
Let k = -477 - -469. Let h(a) = a + 5. Determine h(k).
-3
Suppose 27*x - 34*x = -21. Let v(k) be the third derivative of 1/12*k**4 - 1/6*k**x + 0 + 0*k - 2*k**2. Give v(5).
9
Let k(w) = -w + 4. Let x(v) = 4*v - 17. Let p(q) = 9*k(q) + 2*x(q). Calculate p(5).
-3
Let a(f) = -f + f**2 - 4 - 2 - 3*f - f - f**3. Let s(x) = 3*x**3 - 2*x**2 + 14*x + 17. Let u(c) = 8*a(c) + 3*s(c). Calculate u(-2).
-1
Let y(v) = -v**3 + 4*v**2 + 5*v - 2. Let u = -52 + 57. Let q be (u/(-6))/(3/18*-1). What is y(q)?
-2
Suppose 3*v - 5*w - 3 = 1, 0 = v - 4*w - 6. Let i(y) = y**2 + 3*y - 2. What is i(v)?
-4
Let y be 3 + 1 + (-9 - -10). Suppose -y*d = -0*d - 10. Let z(l) = -2*l + 2. What is z(d)?
-2
Suppose 5*v + 6 - 16 = 0. Suppose 2 = a - 0*c + 2*c, 0 = -a - c + v. Let i(o) = -2*o**2 - 4*o + 5. Let k(w) = w - 1. Let f(q) = i(q) + 4*k(q). Calculate f(a).
-7
Let v(b) be the first derivative of 2/3*b**3 + 1/2*b**2 + 0*b - 31. Determine v(-1).
1
Let g(q) be the third derivative of q**6/120 + q**5/15 - q**4/8 + 2*q**3/3 + 258*q**2 - 2. Calculate g(-6).
-50
Suppose -28*q = -44*q - 176. Let x(h) = -h + 2. Give x(q).
13
Suppose 0 = -4*t + 8*t. Suppose -x + 5*x - 16 = t. Let r(h) = h**2 - 6*h + 1. Calculate r(x).
-7
Let j(m) = m. Let a(u) = 2*u. Let l(v) = -a(v) + 3*j(v). Calculate l(8).
8
Suppose 3*i + 3 = -s, -i - s = 4*i + 5. Suppose 2*x - 4 = -0. Let h(y) = y**2 + 1 - 2*y**2 - y**2 - 6*y**x + y. What is h(i)?
-8
Let b(p) = -p**3 + 13*p**2 + 14*p + 2. Let r be (42/15)/(2/(-30)*-3). Calculate b(r).
2
Let n = 204 + -212. Let s(f) = -3*f - 3. Calculate s(n).
21
Suppose 105 = -17*y + 2*y. Let z(d) = -d**2 - 8*d - 10. Calculate z(y).
-3
Let q(t) = t + 1. Let y(a) = 2. Let o(f) = q(f) + 2*y(f). Let z be -1 - 1 - (-2 - -8). What is o(z)?
-3
Let m = -13 + 37. Let o(g) = -4*g + m - 24. Calculate o(-1).
4
Let u(b) = -2*b**2 - 2*b - 2. Let s = 1284 + -1285. Determine u(s).
-2
Let h(c) = 0 - c**2 + 2 + 2. What is h(0)?
4
Let y = 904 + -904. Let c(d) be the second derivative of -d**3/6 - 13*d**2/2 + 2*d. Give c(y).
-13
Let s(a) be the second derivative of a**5/10 - a**4/6 - a**3/6 + a**2 - 8*a + 2. Let j = -1 - -4. Suppose q - 14 = j*z, 0 + 2 = -q - z. Determine s(q).
8
Let h(f) = -4*f - 4. Suppose 7*t - 45 = 88. Suppose t = -7*i - 16. Determine h(i).
16
Let k(b) = -3*b - 13. Let v be k(-4). Let i(q) = -q - 1. Determine i(v).
0
Let l(a) = -5*a + 36 + 14 - 60 + 27. Give l(6).
-13
Suppose -6*r = -3*r + 2*d - 21, -3*r + 2*d + 9 = 0. Suppose r*k = -18 - 7. Let b(q) = -10 - 2*q**2 - 3*q + 12 - 4*q. Give b(k).
-13
Let z(c) be the third derivative of -1/60*c**5 + 0 + 7*c**2 - 5/24*c**4 + 0*c + 7/6*c**3. Calculate z(-7).
-7
Let o(p) be the second derivative of 5/6*p**3 - 7*p + 0 + 0*p**2. Calculate o(2).
10
Let k = -15 + 15. Suppose k = -p - 4*p - 15. Let x(i) = -i**2 - i + 1. Let t be x(p). Let a(m) = -2*m - 5. Give a(t).
5
Let z = -354 + 210. Let s be 6 + z/20 + 8/(-10). Let h(t) = -t**3 + 3*t**2. Let p(n) = -n**3 + n**2. Let c(g) = h(g) - 2*p(g). Calculate c(s).
-4
Let l(v) = -v**3 - 4*v**2 - 4*v - 3. Suppose -2*f = -0*f + 50. Let t = f + 28. Suppose -s + 2*s = -4*m - 9, -4*m = t*s + 11. Determine l(m).
-3
Let i(g) be the third derivative of g**6/120 + g**5/60 + 2*g**3/3 - 4*g**2. Let x(n) = n**2 + 10*n + 10. Let j be x(-7). Let k = -11 - j. Calculate i(k).
4
Let t(l) = -2*l**2 - 9*l - 5. Suppose 6*q + 4 = 3*q + y, 2*y = 3*q + 5. Let z(x) = -x. Let w(m) = q*t(m) + 2*z(m). Calculate w(-4).
9
Let n(g) = -g**2 - 9*g - 13. Let l = 16 + -22. Let a be n(l). Let j(z) = -6 + 3*z - a*z + z. Determine j(-6).
0
Let t(l) = l**2 - 7*l - 2. Let d be (4/12*0)/1. Suppose -3*f + 7 + 14 = d. Suppose 0*m = m - f. Give t(m).
-2
Let q(u) = -u**2 + 7*u - 6. Let p = 179 + -186. Suppose 31 = x - 5*v, 4*x + 3*v = -v + 28. Let o = p + x. What is q(o)?
6
Let h(v) = -v**2 + v. Let c be 1 + (8/(4/2) - 0). Let m(x) = -6*x**2 + 13*x - 10. Let l(w) = c*h(w) - m(w). Determine l(7).